{"id":4805,"date":"2025-03-11T20:21:55","date_gmt":"2025-03-11T19:21:55","guid":{"rendered":"https:\/\/openluchtmuseeacielouvert.com\/?page_id=4805"},"modified":"2025-10-07T20:34:22","modified_gmt":"2025-10-07T18:34:22","slug":"larissa-vanhee","status":"publish","type":"page","link":"https:\/\/openluchtmuseeacielouvert.com\/index.php\/larissa-vanhee\/","title":{"rendered":"Larissa Vanhee"},"content":{"rendered":"\t\t<div data-elementor-type=\"wp-page\" data-elementor-id=\"4805\" class=\"elementor elementor-4805\" data-elementor-post-type=\"page\">\n\t\t\t\t<div class=\"elementor-element elementor-element-1d74966 e-flex e-con-boxed e-con e-parent\" data-id=\"1d74966\" data-element_type=\"container\" data-e-type=\"container\">\n\t\t\t\t\t<div class=\"e-con-inner\">\n\t\t\t\t<div class=\"elementor-element elementor-element-29894d0 elementor-widget elementor-widget-spacer\" data-id=\"29894d0\" data-element_type=\"widget\" data-e-type=\"widget\" data-widget_type=\"spacer.default\">\n\t\t\t\t<div class=\"elementor-widget-container\">\n\t\t\t\t\t\t\t<div class=\"elementor-spacer\">\n\t\t\t<div class=\"elementor-spacer-inner\"><\/div>\n\t\t<\/div>\n\t\t\t\t\t\t<\/div>\n\t\t\t\t<\/div>\n\t\t\t\t\t<\/div>\n\t\t\t\t<\/div>\n\t\t<div class=\"elementor-element elementor-element-e3eb761 e-flex e-con-boxed e-con e-parent\" data-id=\"e3eb761\" data-element_type=\"container\" data-e-type=\"container\">\n\t\t\t\t\t<div class=\"e-con-inner\">\n\t\t\t\t<div class=\"elementor-element elementor-element-e6582ec elementor-widget elementor-widget-heading\" data-id=\"e6582ec\" data-element_type=\"widget\" data-e-type=\"widget\" data-widget_type=\"heading.default\">\n\t\t\t\t<div class=\"elementor-widget-container\">\n\t\t\t\t\t<h1 class=\"elementor-heading-title elementor-size-default\">Larissa Vanhee<\/h1>\t\t\t\t<\/div>\n\t\t\t\t<\/div>\n\t\t\t\t\t<\/div>\n\t\t\t\t<\/div>\n\t\t<div class=\"elementor-element elementor-element-b9a68e9 e-flex e-con-boxed e-con e-parent\" data-id=\"b9a68e9\" data-element_type=\"container\" data-e-type=\"container\">\n\t\t\t\t\t<div class=\"e-con-inner\">\n\t\t\t\t<div class=\"elementor-element elementor-element-190b865 elementor-widget elementor-widget-text-editor\" data-id=\"190b865\" data-element_type=\"widget\" data-e-type=\"widget\" data-widget_type=\"text-editor.default\">\n\t\t\t\t<div class=\"elementor-widget-container\">\n\t\t\t\t\t\t\t\t\t<p>Form\u00e9e en photographie puis en Espace Urbain \u00e0 La Cambre (2003-2009), Larissa Vanhee est une artiste de terrain. Son regard s\u2019est affin\u00e9 au gr\u00e9 des paysages et des portraits qu\u2019elle a r\u00e9alis\u00e9. C\u2019est gr\u00e2ce \u00e0 l\u2019agr\u00e9gation en arts visuels qu\u2019elle a suivie \u00e0 l\u2019ArBa-EsA (2015-2017) que sa pratique pluridisciplinaire s\u2019est enrichie de projets participatifs, pla\u00e7ant l\u2019\u00e9change au c\u0153ur de la cr\u00e9ation.<\/p>\t\t\t\t\t\t\t\t<\/div>\n\t\t\t\t<\/div>\n\t\t\t\t\t<\/div>\n\t\t\t\t<\/div>\n\t\t<div class=\"elementor-element elementor-element-cafa730 e-flex e-con-boxed e-con e-parent\" data-id=\"cafa730\" data-element_type=\"container\" data-e-type=\"container\">\n\t\t\t\t\t<div class=\"e-con-inner\">\n\t\t\t\t<div class=\"elementor-element elementor-element-a71a182 elementor-widget elementor-widget-spacer\" data-id=\"a71a182\" data-element_type=\"widget\" data-e-type=\"widget\" data-widget_type=\"spacer.default\">\n\t\t\t\t<div class=\"elementor-widget-container\">\n\t\t\t\t\t\t\t<div class=\"elementor-spacer\">\n\t\t\t<div class=\"elementor-spacer-inner\"><\/div>\n\t\t<\/div>\n\t\t\t\t\t\t<\/div>\n\t\t\t\t<\/div>\n\t\t\t\t\t<\/div>\n\t\t\t\t<\/div>\n\t\t<div class=\"elementor-element elementor-element-d94b996 e-grid e-con-boxed e-con e-parent\" data-id=\"d94b996\" data-element_type=\"container\" data-e-type=\"container\">\n\t\t\t\t\t<div class=\"e-con-inner\">\n\t\t\t\t<div class=\"elementor-element elementor-element-c8b5189 elementor-widget elementor-widget-image\" data-id=\"c8b5189\" data-element_type=\"widget\" data-e-type=\"widget\" data-widget_type=\"image.default\">\n\t\t\t\t<div class=\"elementor-widget-container\">\n\t\t\t\t\t\t\t\t\t\t\t\t<figure class=\"wp-caption\">\n\t\t\t\t\t\t\t\t\t\t\t<a href=\"https:\/\/openluchtmuseeacielouvert.com\/index.php\/cinema\/\">\n\t\t\t\t\t\t\t<img fetchpriority=\"high\" decoding=\"async\" width=\"1772\" height=\"1181\" src=\"https:\/\/openluchtmuseeacielouvert.com\/wp-content\/uploads\/2025\/02\/19.jpg\" class=\"elementor-animation-grow attachment-full size-full wp-image-4033\" alt=\"Photographie de plateau\" srcset=\"https:\/\/openluchtmuseeacielouvert.com\/wp-content\/uploads\/2025\/02\/19.jpg 1772w, https:\/\/openluchtmuseeacielouvert.com\/wp-content\/uploads\/2025\/02\/19-300x200.jpg 300w, https:\/\/openluchtmuseeacielouvert.com\/wp-content\/uploads\/2025\/02\/19-1024x682.jpg 1024w, https:\/\/openluchtmuseeacielouvert.com\/wp-content\/uploads\/2025\/02\/19-768x512.jpg 768w, https:\/\/openluchtmuseeacielouvert.com\/wp-content\/uploads\/2025\/02\/19-1536x1024.jpg 1536w\" sizes=\"(max-width: 1772px) 100vw, 1772px\" \/>\t\t\t\t\t\t\t\t<\/a>\n\t\t\t\t\t\t\t\t\t\t\t<figcaption class=\"widget-image-caption wp-caption-text\">CINEMA<\/figcaption>\n\t\t\t\t\t\t\t\t\t\t<\/figure>\n\t\t\t\t\t\t\t\t\t<\/div>\n\t\t\t\t<\/div>\n\t\t\t\t<div class=\"elementor-element elementor-element-1bdbc5d elementor-widget elementor-widget-image\" data-id=\"1bdbc5d\" data-element_type=\"widget\" data-e-type=\"widget\" data-widget_type=\"image.default\">\n\t\t\t\t<div class=\"elementor-widget-container\">\n\t\t\t\t\t\t\t\t\t\t\t\t<figure class=\"wp-caption\">\n\t\t\t\t\t\t\t\t\t\t\t<a href=\"https:\/\/openluchtmuseeacielouvert.com\/index.php\/2024\/04\/08\/carmera-obscura\/\">\n\t\t\t\t\t\t\t<img decoding=\"async\" width=\"2560\" height=\"1747\" src=\"https:\/\/openluchtmuseeacielouvert.com\/wp-content\/uploads\/2025\/02\/Clarisse-scaled.jpg\" class=\"elementor-animation-grow attachment-full size-full wp-image-4118\" alt=\"\" srcset=\"https:\/\/openluchtmuseeacielouvert.com\/wp-content\/uploads\/2025\/02\/Clarisse-scaled.jpg 2560w, https:\/\/openluchtmuseeacielouvert.com\/wp-content\/uploads\/2025\/02\/Clarisse-300x205.jpg 300w, https:\/\/openluchtmuseeacielouvert.com\/wp-content\/uploads\/2025\/02\/Clarisse-1024x699.jpg 1024w, https:\/\/openluchtmuseeacielouvert.com\/wp-content\/uploads\/2025\/02\/Clarisse-768x524.jpg 768w, https:\/\/openluchtmuseeacielouvert.com\/wp-content\/uploads\/2025\/02\/Clarisse-1536x1048.jpg 1536w, https:\/\/openluchtmuseeacielouvert.com\/wp-content\/uploads\/2025\/02\/Clarisse-2048x1397.jpg 2048w\" sizes=\"(max-width: 2560px) 100vw, 2560px\" \/>\t\t\t\t\t\t\t\t<\/a>\n\t\t\t\t\t\t\t\t\t\t\t<figcaption class=\"widget-image-caption wp-caption-text\">CAMERA OBSCURA<\/figcaption>\n\t\t\t\t\t\t\t\t\t\t<\/figure>\n\t\t\t\t\t\t\t\t\t<\/div>\n\t\t\t\t<\/div>\n\t\t\t\t<div class=\"elementor-element elementor-element-ceaadcf elementor-widget elementor-widget-image\" data-id=\"ceaadcf\" data-element_type=\"widget\" data-e-type=\"widget\" data-widget_type=\"image.default\">\n\t\t\t\t<div class=\"elementor-widget-container\">\n\t\t\t\t\t\t\t\t\t\t\t\t<figure class=\"wp-caption\">\n\t\t\t\t\t\t\t\t\t\t\t<a href=\"https:\/\/openluchtmuseeacielouvert.com\/index.php\/danse\/\">\n\t\t\t\t\t\t\t<img decoding=\"async\" width=\"1772\" height=\"1181\" src=\"https:\/\/openluchtmuseeacielouvert.com\/wp-content\/uploads\/2025\/02\/3.jpg\" class=\"elementor-animation-grow attachment-full size-full wp-image-4032\" alt=\"\" srcset=\"https:\/\/openluchtmuseeacielouvert.com\/wp-content\/uploads\/2025\/02\/3.jpg 1772w, https:\/\/openluchtmuseeacielouvert.com\/wp-content\/uploads\/2025\/02\/3-300x200.jpg 300w, https:\/\/openluchtmuseeacielouvert.com\/wp-content\/uploads\/2025\/02\/3-1024x682.jpg 1024w, https:\/\/openluchtmuseeacielouvert.com\/wp-content\/uploads\/2025\/02\/3-768x512.jpg 768w, https:\/\/openluchtmuseeacielouvert.com\/wp-content\/uploads\/2025\/02\/3-1536x1024.jpg 1536w\" sizes=\"(max-width: 1772px) 100vw, 1772px\" \/>\t\t\t\t\t\t\t\t<\/a>\n\t\t\t\t\t\t\t\t\t\t\t<figcaption class=\"widget-image-caption wp-caption-text\">DANSE<\/figcaption>\n\t\t\t\t\t\t\t\t\t\t<\/figure>\n\t\t\t\t\t\t\t\t\t<\/div>\n\t\t\t\t<\/div>\n\t\t\t\t<div class=\"elementor-element elementor-element-e9ddb1f elementor-widget elementor-widget-image\" data-id=\"e9ddb1f\" data-element_type=\"widget\" data-e-type=\"widget\" data-widget_type=\"image.default\">\n\t\t\t\t<div class=\"elementor-widget-container\">\n\t\t\t\t\t\t\t\t\t\t\t\t<figure class=\"wp-caption\">\n\t\t\t\t\t\t\t\t\t\t\t<a href=\"https:\/\/openluchtmuseeacielouvert.com\/index.php\/portrait-de-bruxelles\/\">\n\t\t\t\t\t\t\t<img loading=\"lazy\" decoding=\"async\" width=\"2560\" height=\"1741\" src=\"https:\/\/openluchtmuseeacielouvert.com\/wp-content\/uploads\/2025\/02\/Sans-titre-28-scaled.jpg\" class=\"elementor-animation-grow attachment-full size-full wp-image-4367\" alt=\"\" srcset=\"https:\/\/openluchtmuseeacielouvert.com\/wp-content\/uploads\/2025\/02\/Sans-titre-28-scaled.jpg 2560w, https:\/\/openluchtmuseeacielouvert.com\/wp-content\/uploads\/2025\/02\/Sans-titre-28-300x204.jpg 300w, https:\/\/openluchtmuseeacielouvert.com\/wp-content\/uploads\/2025\/02\/Sans-titre-28-1024x697.jpg 1024w, https:\/\/openluchtmuseeacielouvert.com\/wp-content\/uploads\/2025\/02\/Sans-titre-28-768x522.jpg 768w, https:\/\/openluchtmuseeacielouvert.com\/wp-content\/uploads\/2025\/02\/Sans-titre-28-1536x1045.jpg 1536w, https:\/\/openluchtmuseeacielouvert.com\/wp-content\/uploads\/2025\/02\/Sans-titre-28-2048x1393.jpg 2048w\" sizes=\"(max-width: 2560px) 100vw, 2560px\" \/>\t\t\t\t\t\t\t\t<\/a>\n\t\t\t\t\t\t\t\t\t\t\t<figcaption class=\"widget-image-caption wp-caption-text\">BRUXELLES<\/figcaption>\n\t\t\t\t\t\t\t\t\t\t<\/figure>\n\t\t\t\t\t\t\t\t\t<\/div>\n\t\t\t\t<\/div>\n\t\t\t\t<div class=\"elementor-element elementor-element-e00a2e4 elementor-widget elementor-widget-image\" data-id=\"e00a2e4\" data-element_type=\"widget\" data-e-type=\"widget\" data-widget_type=\"image.default\">\n\t\t\t\t<div class=\"elementor-widget-container\">\n\t\t\t\t\t\t\t\t\t\t\t\t<figure class=\"wp-caption\">\n\t\t\t\t\t\t\t\t\t\t\t<a href=\"https:\/\/openluchtmuseeacielouvert.com\/index.php\/paysages-interieurs\/\">\n\t\t\t\t\t\t\t<img loading=\"lazy\" decoding=\"async\" width=\"1065\" height=\"710\" src=\"https:\/\/openluchtmuseeacielouvert.com\/wp-content\/uploads\/2025\/02\/Hotel-Hannon_9.jpg\" class=\"elementor-animation-grow attachment-full size-full wp-image-4157\" alt=\"\" srcset=\"https:\/\/openluchtmuseeacielouvert.com\/wp-content\/uploads\/2025\/02\/Hotel-Hannon_9.jpg 1065w, https:\/\/openluchtmuseeacielouvert.com\/wp-content\/uploads\/2025\/02\/Hotel-Hannon_9-300x200.jpg 300w, https:\/\/openluchtmuseeacielouvert.com\/wp-content\/uploads\/2025\/02\/Hotel-Hannon_9-1024x683.jpg 1024w, https:\/\/openluchtmuseeacielouvert.com\/wp-content\/uploads\/2025\/02\/Hotel-Hannon_9-768x512.jpg 768w\" sizes=\"(max-width: 1065px) 100vw, 1065px\" \/>\t\t\t\t\t\t\t\t<\/a>\n\t\t\t\t\t\t\t\t\t\t\t<figcaption class=\"widget-image-caption wp-caption-text\">ARCHITECTURE<\/figcaption>\n\t\t\t\t\t\t\t\t\t\t<\/figure>\n\t\t\t\t\t\t\t\t\t<\/div>\n\t\t\t\t<\/div>\n\t\t\t\t<div class=\"elementor-element elementor-element-03ceedb elementor-widget elementor-widget-image\" data-id=\"03ceedb\" data-element_type=\"widget\" data-e-type=\"widget\" data-widget_type=\"image.default\">\n\t\t\t\t<div class=\"elementor-widget-container\">\n\t\t\t\t\t\t\t\t\t\t\t\t<figure class=\"wp-caption\">\n\t\t\t\t\t\t\t\t\t\t\t<a href=\"https:\/\/openluchtmuseeacielouvert.com\/index.php\/livres\/\">\n\t\t\t\t\t\t\t<img loading=\"lazy\" decoding=\"async\" width=\"1240\" height=\"856\" src=\"https:\/\/openluchtmuseeacielouvert.com\/wp-content\/uploads\/2025\/02\/000030-2.jpg\" class=\"elementor-animation-grow attachment-full size-full wp-image-4365\" alt=\"\" srcset=\"https:\/\/openluchtmuseeacielouvert.com\/wp-content\/uploads\/2025\/02\/000030-2.jpg 1240w, https:\/\/openluchtmuseeacielouvert.com\/wp-content\/uploads\/2025\/02\/000030-2-300x207.jpg 300w, https:\/\/openluchtmuseeacielouvert.com\/wp-content\/uploads\/2025\/02\/000030-2-1024x707.jpg 1024w, https:\/\/openluchtmuseeacielouvert.com\/wp-content\/uploads\/2025\/02\/000030-2-768x530.jpg 768w\" sizes=\"(max-width: 1240px) 100vw, 1240px\" \/>\t\t\t\t\t\t\t\t<\/a>\n\t\t\t\t\t\t\t\t\t\t\t<figcaption class=\"widget-image-caption wp-caption-text\">XL UPCYCLING<\/figcaption>\n\t\t\t\t\t\t\t\t\t\t<\/figure>\n\t\t\t\t\t\t\t\t\t<\/div>\n\t\t\t\t<\/div>\n\t\t\t\t\t<\/div>\n\t\t\t\t<\/div>\n\t\t<div class=\"elementor-element elementor-element-7d143c2 e-flex e-con-boxed e-con e-parent\" data-id=\"7d143c2\" data-element_type=\"container\" data-e-type=\"container\">\n\t\t\t\t\t<div class=\"e-con-inner\">\n\t\t\t\t\t<\/div>\n\t\t\t\t<\/div>\n\t\t<div class=\"elementor-element elementor-element-7bcab00 e-flex e-con-boxed e-con e-parent\" data-id=\"7bcab00\" data-element_type=\"container\" data-e-type=\"container\">\n\t\t\t\t\t<div class=\"e-con-inner\">\n\t\t\t\t<div class=\"elementor-element elementor-element-b0203e9 elementor-widget elementor-widget-spacer\" data-id=\"b0203e9\" data-element_type=\"widget\" data-e-type=\"widget\" data-widget_type=\"spacer.default\">\n\t\t\t\t<div class=\"elementor-widget-container\">\n\t\t\t\t\t\t\t<div class=\"elementor-spacer\">\n\t\t\t<div class=\"elementor-spacer-inner\"><\/div>\n\t\t<\/div>\n\t\t\t\t\t\t<\/div>\n\t\t\t\t<\/div>\n\t\t\t\t\t<\/div>\n\t\t\t\t<\/div>\n\t\t\t\t<\/div>\n\t\t","protected":false},"excerpt":{"rendered":"<p>Larissa Vanhee Form\u00e9e en photographie puis en Espace Urbain \u00e0 La Cambre (2003-2009), Larissa Vanhee est une artiste de terrain. Son regard s\u2019est affin\u00e9 au gr\u00e9 des paysages et des portraits qu\u2019elle a r\u00e9alis\u00e9. C\u2019est gr\u00e2ce \u00e0 l\u2019agr\u00e9gation en arts visuels qu\u2019elle a suivie \u00e0 l\u2019ArBa-EsA (2015-2017) que sa pratique pluridisciplinaire s\u2019est enrichie de projets [&hellip;]<\/p>\n","protected":false},"author":1,"featured_media":0,"parent":0,"menu_order":0,"comment_status":"closed","ping_status":"closed","template":"","meta":{"footnotes":""},"class_list":["post-4805","page","type-page","status-publish","hentry"],"_links":{"self":[{"href":"https:\/\/openluchtmuseeacielouvert.com\/index.php\/wp-json\/wp\/v2\/pages\/4805","targetHints":{"allow":["GET"]}}],"collection":[{"href":"https:\/\/openluchtmuseeacielouvert.com\/index.php\/wp-json\/wp\/v2\/pages"}],"about":[{"href":"https:\/\/openluchtmuseeacielouvert.com\/index.php\/wp-json\/wp\/v2\/types\/page"}],"author":[{"embeddable":true,"href":"https:\/\/openluchtmuseeacielouvert.com\/index.php\/wp-json\/wp\/v2\/users\/1"}],"replies":[{"embeddable":true,"href":"https:\/\/openluchtmuseeacielouvert.com\/index.php\/wp-json\/wp\/v2\/comments?post=4805"}],"version-history":[{"count":56,"href":"https:\/\/openluchtmuseeacielouvert.com\/index.php\/wp-json\/wp\/v2\/pages\/4805\/revisions"}],"predecessor-version":[{"id":5197,"href":"https:\/\/openluchtmuseeacielouvert.com\/index.php\/wp-json\/wp\/v2\/pages\/4805\/revisions\/5197"}],"wp:attachment":[{"href":"https:\/\/openluchtmuseeacielouvert.com\/index.php\/wp-json\/wp\/v2\/media?parent=4805"}],"curies":[{"name":"wp","href":"https:\/\/api.w.org\/{rel}","templated":true}]}}